01100
Convert 20216 (base 13) to base 8.
160207
What is 10012 (base 6) in base 15?
5be
Convert -7b0 (base 12) to base 7.
-3216
3675 (base 16) to base 8
33165
442 (base 12) to base 15
2bb
What is 198d (base 14) in base 3?
20100121
Convert 22112 (base 4) to base 2.
1010010110
158 (base 10) to base 6
422
Convert 6675 (base 8) to base 16.
dbd
What is 10011221 (base 3) in base 8?
4420
What is -9954 (base 14) in base 15?
-7cde
What is -289 (base 14) in base 8?
-1001
11102011 (base 3) to base 14
125b
-31303 (base 4) to base 13
-52c
4306 (base 9) to base 3
11100020
-3b32 (base 14) to base 11
-7924
Convert 441 (base 5) to base 13.
94
257 (base 9) to base 16
d6
What is 44324 (base 5) in base 7?
12002
Convert -23022 (base 8) to base 12.
-5782
Convert -10011011011011 (base 2) to base 16.
-26db
What is -1032 (base 12) in base 16?
-6e6
80b (base 13) to base 9
1774
231410 (base 5) to base 2
10000010100011
What is 12000300 (base 4) in base 13?
b292
Convert 8aa (base 12) to base 14.
678
What is 43ad (base 14) in base 11?
8892
39a2 (base 11) to base 10
5194
What is 231 (base 10) in base 7?
450
Convert -75222 (base 9) to base 6.
-1022202
29115 (base 13) to base 2
10010110100011010
Convert -b4 (base 16) to base 10.
-180
2115 (base 7) to base 10
747
What is -13443 (base 5) in base 10?
-1123
Convert 201011 (base 3) to base 12.
371
What is -da6 (base 15) in base 8?
-6011
1212123 (base 4) to base 6
50203
Convert 235235 (base 6) to base 11.
14541
What is 772 (base 12) in base 3?
1111112
94d5 (base 14) to base 7
134555
What is 10756 (base 8) in base 15?
1560
Convert 620 (base 8) to base 16.
190
What is d03a (base 15) in base 6?
535214
-460 (base 11) to base 10
-550
What is -18d (base 14) in base 12?
-229
-27 (base 10) to base 4
-123
What is 1000101001000 (base 2) in base 4?
1011020
-525333 (base 6) to base 10
-42681
2562 (base 12) to base 6
31402
Convert -220010 (base 3) to base 2.
-1010001011
131203 (base 4) to base 11
146a
What is 1200011 (base 3) in base 11?
a09
10110001 (base 2) to base 10
177
-f2 (base 16) to base 14
-134
What is -1010202 (base 3) in base 8?
-1476
1585 (base 16) to base 14
2017
What is -2783 (base 10) in base 14?
-102b
What is 302420 (base 5) in base 6?
113023
What is 21424 (base 6) in base 5?
43333
-6015 (base 11) to base 15
-2587
-3b3 (base 12) to base 4
-20313
103505 (base 6) to base 7
34046
Convert 127 (base 15) to base 7.
523
What is 9883 (base 11) in base 2?
11001011101110
Convert 566 (base 7) to base 2.
100100101
1121020 (base 3) to base 13
6ba
What is -45 (base 13) in base 11?
-52
What is 60276 (base 8) in base 3?
1020222021
Convert 22000 (base 3) to base 16.
d8
What is 10110 (base 3) in base 8?
135
1132 (base 11) to base 12
a3b
Convert 10112122 (base 3) to base 14.
d26
41458 (base 10) to base 15
c43d
-282 (base 12) to base 6
-1442
-63d (base 14) to base 12
-867
118 (base 10) to base 3
11101
What is 575b (base 16) in base 12?
10b37
100103 (base 4) to base 5
13133
Convert 1288 (base 11) to base 3.
2021211
Convert 1573 (base 10) to base 2.
11000100101
1544 (base 6) to base 14
224
Convert 565 (base 9) to base 2.
111010000
Convert 1100110000010 (base 2) to base 15.
1e05
What is 3361 (base 8) in base 9?
2384
141022 (base 7) to base 14
9a82
Convert -15d (base 15) to base 2.
-100111001
What is -825 (base 16) in base 8?
-4045
What is -37c (base 14) in base 10?
-698
What is 3167 (base 12) in base 15?
1907
What is 173 (base 11) in base 2?
11001001
Convert 312443 (base 5) to base 9.
15205
Convert 355 (base 8) to base 16.
ed
-3654 (base 7) to base 14
-6d4
Convert -279 (base 10) to base 6.
-1143
-451 (base 11) to base 4
-20130
Convert 44032 (base 5) to base 6.
21545
What is -9d06 (base 15) in base 2?
-1000001000011010
-110101111110 (base 2) to base 13
-1759
What is 141010 (base 5) in base 13?
2809
Convert 13020 (base 4) to base 15.
206
What is -1000203 (base 4) in base 12?
-2483
What is 244 (base 14) in base 7?
1214
Convert -1059 (base 14) to base 13.
-1392
1b20 (base 14) to base 10
4928
Convert -25342 (base 9) to base 13.
-79b5
2102120222 (base 3) to base 13
189c2
-4450 (base 6) to base 12
-726
Convert 4a92 (base 13) to base 4.
2211211
Convert 22405 (base 6) to base 11.
2425
Convert -6956 (base 10) to base 8.
-15454
-25502 (base 7) to base 10
-6764
Convert 15554 (base 6) to base 14.
d30
Convert -8176 (base 13) to base 12.
-a3aa
What is 190 (base 15) in base 9?
440
What is 12030202 (base 4) in base 3?
1021210221
What is 3045 (base 7) in base 13?
639
27408 (base 13) to base 15
16a40
Convert 503 (base 9) to base 12.
2a0
Convert -5668 (base 12) to base 4.
-2111300
What is 20054 (base 8) in base 14?
3004
What is 24013 (base 5) in base 13?
a53
Convert -2112201 (base 3) to base 9.
-2481
What is -33013 (base 9) in base 4?
-11111322
-3001023 (base 4) to base 13
-5820
What is -537 (base 11) in base 6?
-2553
What is 4133 (base 9) in base 2?
101111010011
-1120100 (base 3) to base 5
-14033
-101001000 (base 2) to base 3
-110011
Convert 493 (base 14) to base 15.
40d
4bc (base 14) to base 16
3b6
What is c8bd (base 16) in base 8?
144275
Convert 2a5 (base 11) to base 12.
259
75c (base 13) to base 8
2354
-11130332 (base 4) to base 12
-10b12
What is -339 (base 13) in base 8?
-1053
What is -4b3 (base 12) in base 7?
-2034
-10001 (base 4) to base 15
-122
Convert ab (base 16) to base 12.
123
What is 41414 (base 5) in base 7?
10654
Convert -506 (base 8) to base 3.
-110002
b62 (base 14) to base 13
1036
-20004 (base 5) to base 3
-1201110
Convert -30 (base 15) to base 3.
-1200
-b7 (base 13) to base 8
-226
Convert -8b5f (base 16) to base 15.
-a889
Convert 16c68 (base 14) to base 3.
2220122010
Convert 11001110110011 (base 2) to base 14.
4b75
-2500 (base 8) to base 3
-1211210
Convert -16303 (base 8) to base 6.
-54031
Convert -60173 (base 9) to base 14.
-10585
202123 (base 5) to base 8
14612
What is 1bd (base 14) in base 9?
443
Convert 152112 (base 7) to base 15.
8b56
Convert 39593 (base 10) to base 4.
21222221
What is -14551 (base 8) in base 16?
-1969
What is -803 (base 12) in base 2?
-10010000011
d32 (base 14) to base 15
b7c
What is -211001110 (base 3) in base 15?
-4b6c
Convert -2200121 (base 3) to base 2.
-11110101000
Convert 146 (base 15) to base 9.
353
4103 (base 10) to base 13
1b38
What is -1002210220 (base 3) in base 4?
-11103210
-16104 (base 7) to base 14
-1904
-607 (base 9) to base 16
-1ed
4463 (base 7) to base 2
11001001101
-1457 (base 11) to base 8
-3525
Convert -718 (base 11) to base 6.
-4002
What is 31726 (base 8) in base 16?
33d6
What is 100001010110 (base 2) in base 6?
13514
Convert -10223 (base 6) to base 13.
-825
10140 (base 5) to base 12
47a
What is 7752 (base 8) in base 5?
112244
Convert -101100111000 (base 2) to base 7.
-11242
Convert 4a3c (base 15) to base 8.
36677
What is 1211 (base 3) in base 14?
37
Convert 115a (base 12) to base 8.
3626
Convert -210110 (base 4) to base 16.
-914
What is -2231102 (base 4) in base 12?
-6502
Convert -15b69 (base 12) to base 15.
-92e6
What is 100122101 (base 3) in base 8?
15566
What is 14916 (base 10) in base 12?
8770
Convert a39b (base 12) to base 4.
10112213
-11111011 (base 2) to base 15
-11b
Convert 2f9 (base 16) to base 3.
1001012
What is -93 (base 12) in base 2?
-1101111
57 (base 13) to base 9
80
441 (base 5) to base 12
a1
45351 (base 6) to base 9
8704
Convert -166206 (base 7) to base 15.
-9d50
What is 21031 (base 5) in base 9?
1815
Convert -398 (base 12) to base 5.
-4143
Convert -1abb (base 12) to base 8.
-6357
What is 41 (base 14) in base 3?
2010
Convert -1245 (base 11) to base 12.
-b32
Convert 37cc (base 14) to base 8.
23070
What is -1b4 (base 15) in base 8?
-612
10111111 (base 2) to base 16
bf
-1101000 (base 2) to base 11
-95
Convert 5604 (base 8) to base 10.
2948
Convert -112201 (base 3) to base 11.
-331
-1a3 (base 11) to base 6
-1030
Convert 10304 (base 13) to base 5.
1412242
What is -2431 (base 7) in base 2?
-1110001000
Convert -472 (base 9) to base 13.
-23c
13343 (base 5) to base 14
586
What is -6061 (base 8) in base 10?
-3121
What is 11791 (base 10) in base 4?
2320033
What is 33768 (base 10) in base 9?
51280
What is 5d2 (base 16) in base 11?
1135
What is -20044 (base 7) in base 14?
-1a94
Convert 219c (base 14) to base 10.
5822
What is 3763 (base 8) in base 13?
c07
Convert 485 (base 9) to base 15.
1bb
835 (base 9